 the prime factors of 1157?
13, 89
What are the prime factors of 4804?
2, 1201
What are the prime factors of 1007?
19, 53
What are the prime factors of 2080?
2, 5, 13
List the prime factors of 466.
2, 233
What are the prime factors of 60146?
2, 17, 29, 61
List the prime factors of 4356.
2, 3, 11
List the prime factors of 47512.
2, 5939
List the prime factors of 105.
3, 5, 7
What are the prime factors of 880?
2, 5, 11
What are the prime factors of 9?
3
List the prime factors of 2335.
5, 467
List the prime factors of 18847.
47, 401
List the prime factors of 6526.
2, 13, 251
List the prime factors of 69281.
29, 2389
List the prime factors of 13160.
2, 5, 7, 47
List the prime factors of 469.
7, 67
What are the prime factors of 8291?
8291
List the prime factors of 3284.
2, 821
What are the prime factors of 39803?
53, 751
List the prime factors of 15756.
2, 3, 13, 101
What are the prime factors of 36248?
2, 23, 197
List the prime factors of 14332.
2, 3583
List the prime factors of 65055.
3, 5, 4337
What are the prime factors of 34506?
2, 3, 71
List the prime factors of 22115.
5, 4423
List the prime factors of 5226.
2, 3, 13, 67
List the prime factors of 37544.
2, 13, 19
List the prime factors of 3371.
3371
List the prime factors of 22502.
2, 11251
What are the prime factors of 106477?
7, 41, 53
List the prime factors of 5641.
5641
List the prime factors of 33826.
2, 13, 1301
What are the prime factors of 25685?
5, 11, 467
What are the prime factors of 6964?
2, 1741
What are the prime factors of 3562?
2, 13, 137
List the prime factors of 601.
601
What are the prime factors of 59431?
103, 577
List the prime factors of 2694.
2, 3, 449
List the prime factors of 6255.
3, 5, 139
What are the prime factors of 89377?
139, 643
List the prime factors of 1073.
29, 37
List the prime factors of 20492.
2, 47, 109
What are the prime factors of 1338?
2, 3, 223
What are the prime factors of 8008?
2, 7, 11, 13
What are the prime factors of 54887?
7, 7841
What are the prime factors of 33491?
107, 313
List the prime factors of 22200.
2, 3, 5, 37
List the prime factors of 32640.
2, 3, 5, 17
List the prime factors of 4170.
2, 3, 5, 139
List the prime factors of 1351.
7, 193
What are the prime factors of 88518?
2, 3, 14753
What are the prime factors of 8098?
2, 4049
List the prime factors of 46659.
3, 103, 151
What are the prime factors of 43081?
67, 643
What are the prime factors of 7205?
5, 11, 131
What are the prime factors of 935?
5, 11, 17
What are the prime factors of 15260?
2, 5, 7, 109
List the prime factors of 34644.
2, 3, 2887
What are the prime factors of 15456?
2, 3, 7, 23
List the prime factors of 1818.
2, 3, 101
What are the prime factors of 15728?
2, 983
What are the prime factors of 89419?
11, 739
List the prime factors of 75652.
2, 18913
What are the prime factors of 79274?
2, 13, 3049
What are the prime factors of 27626?
2, 19, 727
What are the prime factors of 1322?
2, 661
List the prime factors of 1226.
2, 613
What are the prime factors of 2138?
2, 1069
What are the prime factors of 1319?
1319
What are the prime factors of 71973?
3, 11, 727
List the prime factors of 40991.
179, 229
What are the prime factors of 1162?
2, 7, 83
What are the prime factors of 384?
2, 3
What are the prime factors of 1752?
2, 3, 73
List the prime factors of 419.
419
What are the prime factors of 50648?
2, 13, 487
List the prime factors of 10412.
2, 19, 137
List the prime factors of 3407.
3407
List the prime factors of 13567.
13567
List the prime factors of 81675.
3, 5, 11
List the prime factors of 1586.
2, 13, 61
What are the prime factors of 1018?
2, 509
List the prime factors of 9504.
2, 3, 11
List the prime factors of 1825.
5, 73
What are the prime factors of 6224?
2, 389
What are the prime factors of 47644?
2, 43, 277
List the prime factors of 4378.
2, 11, 199
List the prime factors of 1336.
2, 167
List the prime factors of 26984.
2, 3373
List the prime factors of 12216.
2, 3, 509
List the prime factors of 56990.
2, 5, 41, 139
List the prime factors of 9835.
5, 7, 281
What are the prime factors of 1667?
1667
What are the prime factors of 2249?
13, 173
What are the prime factors of 3891?
3, 1297
What are the prime factors of 81718?
2, 7, 13, 449
List the prime factors of 2077.
31, 67
List the prime factors of 57777.
3, 19259
List the prime factors of 16660.
2, 5, 7, 17
What are the prime factors of 6843?
3, 2281
What are the prime factors of 38587?
47, 821
What are the prime factors of 7642?
2, 3821
List the prime factors of 8197.
7, 1171
What are the prime factors of 8765?
5, 1753
List the prime factors of 10.
2, 5
List the prime factors of 2370.
2, 3, 5, 79
What are the prime factors of 898?
2, 449
List the prime factors of 54526.
2, 137, 199
List the prime factors of 1736.
2, 7, 31
What are the prime factors of 844?
2, 211
List the prime factors of 1810.
2, 5, 181
What are the prime factors of 53438?
2, 7, 11, 347
What are the prime factors of 79895?
5, 19, 29
List the prime factors of 46239.
3, 15413
What are the prime factors of 96665?
5, 19333
What are the prime factors of 293?
293
What are the prime factors of 8995?
5, 7, 257
What are the prime factors of 2915?
5, 11, 53
What are the prime factors of 20504?
2, 11, 233
What are the prime factors of 1740?
2, 3, 5, 29
What are the prime factors of 16491?
3, 23, 239
What are the prime factors of 11632?
2, 727
What are the prime factors of 2963?
2963
List the prime factors of 73208.
2, 9151
List the prime factors of 3816.
2, 3, 53
What are the prime factors of 99963?
3, 29, 383
What are the prime factors of 32309?
32309
List the prime factors of 2080.
2, 5, 13
List the prime factors of 60387.
3, 20129
What are the prime factors of 293?
293
What are the prime factors of 1277?
1277
List the prime factors of 1854.
2, 3, 103
List the prime factors of 85.
5, 17
List the prime factors of 6126.
2, 3, 1021
What are the prime factors of 549?
3, 61
What are the prime factors of 340?
2, 5, 17
What are the prime factors of 11001?
3, 19, 193
List the prime factors of 9339.
3, 11, 283
What are the prime factors of 29034?
2, 3, 1613
What are the prime factors of 660?
2, 3, 5, 11
What are the prime factors of 268?
2, 67
What are the prime factors of 2523?
3, 29
What are the prime factors of 3547?
3547
List the prime factors of 17006.
2, 11, 773
List the prime factors of 913.
11, 83
List the prime factors of 169.
13
What are the prime factors of 27891?
3, 1033
What are the prime factors of 1921?
17, 113
What are the prime factors of 3789?
3, 421
What are the prime factors of 10262?
2, 7, 733
What are the prime factors of 1667?
1667
List the prime factors of 2561.
13, 197
List the prime factors of 2184.
2, 3, 7, 13
What are the prime factors of 14137?
67, 211
What are the prime factors of 431?
431
What are the prime factors of 580?
2, 5, 29
What are the prime factors of 69762?
2, 3, 7, 11, 151
List the prime factors of 8980.
2, 5, 449
What are the prime factors of 9371?
9371
What are the prime factors of 2933?
7, 419
List the prime factors of 16540.
2, 5, 827
List the prime factors of 27.
3
List the prime factors of 1467.
3, 163
What are the prime factors of 5222?
2, 7, 373
What are the prime factors of 8796?
2, 3, 733
What are the prime factors of 4452?
2, 3, 7, 53
List the prime factors of 27283.
27283
List the prime factors of 1661.
11, 151
What are the prime factors of 15414?
2, 3, 7, 367
List the prime factors of 645.
3, 5, 43
List the prime factors of 14946.
2, 3, 47, 53
What are the prime factors of 835?
5, 167
List the prime factors of 3762.
2, 3, 11, 19
List the prime factors of 5332.
2, 31, 43
What are the prime factors of 2187?
3
What are the prime factors of 5201?
7, 743
What are the prime factors of 1301?
1301
What are the prime factors of 341?
11, 31
What are the prime factors of 6787?
11, 617
List the prime factors of 895.
5, 179
List the prime factors of 485.
5, 97
List the prime factors of 32947.
47, 701
List the prime factors of 4118.
2, 29, 71
List the prime factors of 40221.
3, 41, 109
List the prime factors of 49610.
2, 5, 11, 41
List the prime factors of 1373.
1373
What are the prime factors of 2273?
2273
List the prime factors of 2126.
2, 1063
What are the prime factors of 178182?
2, 3, 19, 521
List the prime 